1467
What are the prime factors of 2057760?
2, 3, 5, 1429
What are the prime factors of 62447814?
2, 3, 11, 13, 8087
What are the prime factors of 7077423?
3, 17, 73, 1901
What are the prime factors of 3239808687?
3, 359978743
List the prime factors of 81058336.
2, 463, 5471
What are the prime factors of 682610268?
2, 3, 127, 447907
What are the prime factors of 2132120744?
2, 13, 1423, 14407
What are the prime factors of 407069265?
3, 5, 2999, 9049
List the prime factors of 504693876.
2, 3, 23, 1828601
What are the prime factors of 347516980?
2, 5, 167, 104047
List the prime factors of 260491886.
2, 73, 1784191
List the prime factors of 3289618761.
3, 11, 13, 257, 29837
What are the prime factors of 362430523?
7, 13, 1031, 3863
List the prime factors of 3875444831.
17, 47, 4850369
List the prime factors of 1275565258.
2, 11, 373, 155443
List the prime factors of 41588791.
4483, 9277
List the prime factors of 3064741610.
2, 5, 7, 19, 2304317
List the prime factors of 348691695.
3, 5, 11, 2113283
List the prime factors of 6449296.
2, 7, 89, 647
List the prime factors of 2477912119.
31, 79932649
What are the prime factors of 26356437?
3, 127, 23059
What are the prime factors of 7707786616?
2, 89, 701, 15443
List the prime factors of 20011851.
3, 197, 11287
List the prime factors of 1359691447.
1359691447
List the prime factors of 306498913.
7, 43785559
List the prime factors of 547372440.
2, 3, 5, 311, 4889
What are the prime factors of 5018502914?
2, 211, 11892187
What are the prime factors of 7314539873?
7314539873
What are the prime factors of 312224370?
2, 3, 5, 137, 75967
What are the prime factors of 7500223403?
7500223403
List the prime factors of 77514847.
77514847
List the prime factors of 5852255055.
3, 5, 47, 269, 30859
What are the prime factors of 8012047437?
3, 3727, 238859
What are the prime factors of 33151097?
7, 59, 11467
What are the prime factors of 418415638?
2, 71, 2946589
List the prime factors of 3389809074.
2, 3, 4243, 133153
List the prime factors of 246890395.
5, 23, 163, 13171
What are the prime factors of 583955286?
2, 3, 97325881
List the prime factors of 32285637.
3, 73, 157, 313
What are the prime factors of 86682850?
2, 5, 251, 6907
List the prime factors of 53344115.
5, 11, 19, 51047
What are the prime factors of 8978431880?
2, 5, 11, 20405527
List the prime factors of 16602816.
2, 3, 43, 2011
What are the prime factors of 150156884?
2, 89, 211, 1999
What are the prime factors of 20687645?
5, 11, 227, 1657
List the prime factors of 4859538937.
11, 441776267
List the prime factors of 41671619.
11, 3788329
What are the prime factors of 11888441?
59, 201499
List the prime factors of 3435913.
13, 264301
List the prime factors of 65256902.
2, 29, 653, 1723
List the prime factors of 2245047803.
827, 1499, 1811
What are the prime factors of 33591835?
5, 6718367
List the prime factors of 4073463048.
2, 3, 19, 2297, 3889
What are the prime factors of 327689923?
11, 29789993
List the prime factors of 713714426.
2, 23, 31, 500501
What are the prime factors of 13755402?
2, 3, 764189
What are the prime factors of 1055043874?
2, 47, 11223871
What are the prime factors of 148554735?
3, 5, 7, 379, 3733
What are the prime factors of 79935865?
5, 15987173
What are the prime factors of 554375239?
11, 107, 471007
List the prime factors of 636573.
3, 7, 30313
What are the prime factors of 1187508200?
2, 5, 5937541
List the prime factors of 142178341.
23, 211, 29297
What are the prime factors of 8274513?
3, 13, 212167
List the prime factors of 893421867.
3, 13, 23, 996011
What are the prime factors of 129119276?
2, 11, 13, 225733
What are the prime factors of 5651737796?
2, 19, 3739, 19889
What are the prime factors of 2256993164?
2, 23689, 23819
What are the prime factors of 163267971?
3, 1451, 37507
What are the prime factors of 75463481?
29, 2602189
What are the prime factors of 69816251?
73, 956387
What are the prime factors of 6566958287?
6566958287
List the prime factors of 732316964.
2, 23, 47, 169361
List the prime factors of 37008933.
3, 13, 948947
What are the prime factors of 98676361?
7, 14096623
List the prime factors of 1282362050.
2, 5, 59, 434699
What are the prime factors of 528088536?
2, 3, 701, 10463
What are the prime factors of 1060368233?
7817, 135649
What are the prime factors of 115242808?
2, 599, 24049
List the prime factors of 96672579.
3, 229, 140717
List the prime factors of 136619869.
59, 127, 18233
List the prime factors of 4628690.
2, 5, 11, 29, 1451
List the prime factors of 34491681.
3, 7, 547487
What are the prime factors of 198638815?
5, 199, 199637
List the prime factors of 140563574.
2, 89, 789683
What are the prime factors of 120744449?
7, 19, 613, 1481
What are the prime factors of 228823006?
2, 8167, 14009
List the prime factors of 31146154.
2, 13, 1197929
What are the prime factors of 23834549?
29, 37, 97, 229
What are the prime factors of 81384104?
2, 233, 43661
List the prime factors of 31496258.
2, 15748129
What are the prime factors of 125252795?
5, 25050559
What are the prime factors of 5121889?
5121889
List the prime factors of 5683769938.
2, 7, 11, 127, 290611
What are the prime factors of 73983159?
3, 227, 12071
List the prime factors of 582949002.
2, 3, 7351, 13217
What are the prime factors of 290200114?
2, 31, 59, 79333
What are the prime factors of 233148585?
3, 5, 23, 643, 1051
List the prime factors of 1263363408.
2, 3, 8773357
What are the prime factors of 26668500?
2, 3, 5, 23, 773
What are the prime factors of 103137338?
2, 51568669
List the prime factors of 51874072.
2, 17, 191, 1997
What are the prime factors of 792476654?
2, 157, 439, 5749
What are the prime factors of 814306711?
569, 1431119
What are the prime factors of 83443419?
3, 3090497
What are the prime factors of 361974908?
2, 90493727
List the prime factors of 102693513.
3, 13, 67, 39301
List the prime factors of 14881309.
79, 113, 1667
What are the prime factors of 7892635012?
2, 23, 29, 2958259
List the prime factors of 1170510282.
2, 3, 17, 467, 8191
List the prime factors of 506195884.
2, 126548971
List the prime factors of 153188905.
5, 173, 409, 433
List the prime factors of 771028043.
523, 1474241
What are the prime factors of 698474119?
7, 233, 428249
What are the prime factors of 1040981377?
311, 751, 4457
List the prime factors of 2963639628.
2, 3, 82323323
List the prime factors of 212152831.
11, 1259, 15319
What are the prime factors of 8905514?
2, 269, 16553
What are the prime factors of 63176193?
3, 23, 33911
List the prime factors of 314204831.
163, 499, 3863
List the prime factors of 68864082.
2, 3, 7, 31, 227, 233
List the prime factors of 253079813.
7, 857, 42187
List the prime factors of 25720637.
59, 233, 1871
What are the prime factors of 1385283813?
3, 23, 20076577
What are the prime factors of 15416763?
3, 1153, 4457
What are the prime factors of 2920462653?
3, 59, 2371, 6959
What are the prime factors of 54979786?
2, 27489893
What are the prime factors of 33739349?
7, 467, 10321
List the prime factors of 4935874855.
5, 263, 1399, 2683
What are the prime factors of 148610898?
2, 3, 47, 175663
What are the prime factors of 293540772?
2, 3, 7, 71317
List the prime factors of 66238913.
13, 1699, 2999
What are the prime factors of 3832452?
2, 3, 13, 19, 431
List the prime factors of 10148812.
2, 19, 41, 3257
What are the prime factors of 19832324?
2, 997, 4973
What are the prime factors of 4139988171?
3, 11, 431, 291077
List the prime factors of 144200475.
3, 5, 640891
List the prime factors of 825738862.
2, 13, 659, 48193
What are the prime factors of 204761511?
3, 449, 50671
List the prime factors of 152550293.
7, 21792899
What are the prime factors of 1333522488?
2, 3, 83, 239, 2801
List the prime factors of 1345172123.
4003, 336041
What are the prime factors of 216905644?
2, 54226411
What are the prime factors of 990804055?
5, 198160811
List the prime factors of 69385717.
69385717
List the prime factors of 8762386.
2, 491, 8923
List the prime factors of 322166886.
2, 3, 1039, 51679
What are the prime factors of 194904938?
2, 443, 219983
List the prime factors of 832267838.
2, 43, 2063, 4691
List the prime factors of 5108443351.
11, 29, 16013929
What are the prime factors of 8828681572?
